what is 1 - -7e1725?
7e1726
In base 12, what is 47 + 1719bb2?
171a039
In base 11, what is 62 - -383740?
3837a2
In base 11, what is -8 - -63229552?
63229545
In base 15, what is -31eaa - 159?
-32114
In base 6, what is -50 - -30545045?
30544555
In base 14, what is -160a9 + -46cc?
-1a797
In base 12, what is 3827 - 779?
306a
In base 4, what is -133333201 + 101123?
-133232012
In base 12, what is 61 + -73a300?
-73a25b
In base 3, what is -2202101011020 - 211?
-2202101012001
In base 3, what is 0 + 120200122210022?
120200122210022
In base 13, what is -49807716 + 4?
-49807712
In base 2, what is 110101010100100011010 + 101?
110101010100100011111
In base 6, what is 10 - 203131355?
-203131345
In base 4, what is 1232 + 2321103?
2323001
In base 15, what is 4cdc - 743?
4599
In base 11, what is -74 - 87200?
-87274
In base 13, what is 62c6a259 + -3?
62c6a256
In base 16, what is 1766 - ca8?
abe
In base 15, what is -12904 + -312?
-12c16
In base 11, what is 381a8a7 - -5?
381a901
In base 6, what is 3134 + -523145?
-520011
In base 8, what is 4143661 - 24?
4143635
In base 9, what is -505200715 - 5?
-505200721
In base 13, what is -78 - -9a1b0?
9a135
In base 8, what is 77451 + -66534?
10715
In base 10, what is 2 - 83481734?
-83481732
In base 8, what is 223 + 5153034?
5153257
In base 12, what is 5b1b1 - -a8?
5b299
In base 16, what is -5 - e94b89?
-e94b8e
In base 6, what is 530342012 - -15?
530342031
In base 16, what is -6fcc47e + -8?
-6fcc486
In base 5, what is 23024443203 - 10?
23024443143
In base 13, what is -63 - 126171?
-126204
In base 4, what is 31 + -1002202300313?
-1002202300222
In base 6, what is -2 - -1314240113?
1314240111
In base 16, what is -26d - 644be?
-6472b
In base 9, what is -125428 - -344?
-125074
In base 15, what is -16c9705 + -3?
-16c9708
In base 15, what is -3109 - 265?
-336e
In base 8, what is 0 + -2026526175?
-2026526175
In base 6, what is -13525131122 + -4?
-13525131130
In base 8, what is -2004076 - -14?
-2004062
In base 15, what is -144e2 - 17?
-14509
In base 13, what is 24597c + 4?
245983
In base 6, what is 200220 + 103322?
303542
In base 10, what is 121 + -4104154?
-4104033
In base 7, what is 562604 - 110?
562464
In base 3, what is 101121122200 - -12?
101121122212
In base 12, what is 94241a5 - -45?
942422a
In base 9, what is 2862 - -1264?
4236
In base 6, what is -4 + 33532045?
33532041
In base 2, what is 100 - -11010000100000111111010?
11010000100000111111110
In base 4, what is -20300011000 - -10233?
-20300000101
In base 12, what is 20585 + -63?
20522
In base 11, what is 941 - 1081a3?
-107362
In base 3, what is 101120220112200211 + 22?
101120220112201010
In base 16, what is -1a5d + -c08?
-2665
In base 13, what is 13a + c20b?
c348
In base 4, what is 103021331312013 - 11?
103021331312002
In base 7, what is 15451332 - 1?
15451331
In base 2, what is -10001110011111 + 101001111100?
-1100100100011
In base 9, what is 44 + 7343288?
7343343
In base 6, what is -3323513343 - 30?
-3323513413
In base 16, what is -5 - 764e1b?
-764e20
In base 3, what is 110120 - 1101110200?
-1101000010
In base 6, what is -250 + -20443512?
-20444202
In base 7, what is 1435213 - 11534?
1423346
In base 6, what is -1450340 + -13312?
-1504052
In base 12, what is -1262 - -178b?
529
In base 14, what is -1420c - -24?
-141c8
In base 5, what is -13412001443 + -4?
-13412002002
In base 15, what is 0 - 3cb9d6?
-3cb9d6
In base 4, what is 2000133223 + 3?
2000133232
In base 2, what is -10010101 - 10001111111000101100?
-10001111111011000001
In base 6, what is 11 + -52102454?
-52102443
In base 16, what is ec7 - 2548?
-1681
In base 5, what is 123 + -244101033?
-244100410
In base 7, what is 11201600 - -1330?
11203230
In base 16, what is -690d + -7b?
-6988
In base 16, what is -5 - 50d3c3?
-50d3c8
In base 16, what is 1b994e - -31?
1b997f
In base 12, what is -a + 4b371b?
4b3711
In base 8, what is -42 + -270146?
-270210
In base 3, what is 20011110112021020 + 12?
20011110112021102
In base 3, what is 21022001112 - -11022?
21022012211
In base 5, what is -113023304321 + 3?
-113023304313
In base 3, what is -20120221102 + -101?
-20120221210
In base 7, what is 1 + -2160203232?
-2160203231
In base 3, what is 22100020120 + 210?
22100021100
In base 2, what is -110100110100100010100 + 10110?
-110100110100011111110
In base 5, what is -1321221131 + -443?
-1321222124
In base 3, what is -2110021101102201 + 2?
-2110021101102122
In base 13, what is -1b + 3c1479?
3c145b
In base 12, what is -6 + 8112209?
8112203
In base 13, what is 2509a + 34?
25101
In base 11, what is 4a2434 - -7?
4a2440
In base 3, what is -200112 + 1001010201010?
1001010000121
In base 8, what is 1032 + -1221203?
-1220151
In base 4, what is 0 - 200010121332?
-200010121332
In base 3, what is 22222201020 - -11000110?
100010201200
In base 6, what is 5 + -11433354022?
-11433354013
In base 16, what is 1 + -362a38?
-362a37
In base 14, what is 66a - 24c42?
-245b6
In base 6, what is -44 - -140320433?
140320345
In base 12, what is 14b4172 + 28?
14b419a
In base 15, what is -1a42 + 21c5?
683
In base 13, what is a8b8 - -2c4?
abac
In base 9, what is 77 - 1180313?
-1180225
In base 4, what is 20010 + 10013311?
10033321
In base 14, what is 4bd49c3 + 4?
4bd49c7
In base 14, what is -6a25 + 101?
-6924
In base 4, what is -201113 - -121312?
-13201
In base 13, what is a247 - -16?
a260
In base 4, what is -1231211033021 + -21?
-1231211033102
In base 10, what is 7137 + 10002?
17139
In base 7, what is 624515 - 2352?
622133
In base 15, what is 2 - -2655391?
2655393
In base 3, what is 10 - 2021212100210122?
-2021212100210112
In base 6, what is -25225050 - 4?
-25225054
In base 2, what is 111010 + -11101100011101001000?
-11101100011100001110
In base 8, what is -701763767 + -5?
-701763774
In base 6, what is 4 + 3543525245?
3543525253
In base 14, what is -23cd80551 - 4?
-23cd80555
In base 7, what is 4 + 116163202?
116163206
In base 8, what is -54442 - -431?
-54011
In base 9, what is -3 + 11652020?
11652016
In base 9, what is 3 + 6137371?
6137374
In base 6, what is 1102421213 + -5?
1102421204
In base 10, what is 0 - -21272?
21272
In base 10, what is -1203630240 - -4?
-1203630236
In base 13, what is -2c + -17c89a?
-17c8c9
In base 13, what is 390 + -a3807?
-a3447
In base 10, what is 22 - -45089903?
45089925
In base 5, what is -302 - 41224211?
-41230013
In base 12, what is 20079 - 15?
20064
In base 15, what is 5 - 868d4ed?
-868d4e8
In base 3, what is -100121000122 - -110021?
-100120120101
In base 6, what is 100122540 - -5?
100122545
In base 11, what is 8 - -804811a6?
80481203
In base 16, what is -5 + -45be1a?
-45be1f
In base 4, what is -10301 - -33313213223?
33313202322
In base 2, what is 1011 + -1011110100100111000111?
-1011110100100110111100
In base 10, what is -4237882 + 36?
-4237846
In base 16, what is -bbe + 6b6?
-508
In base 7, what is 4 - -2265323?
2265330
In base 2, what is -1100 + -1011100111111100010111?
-1011100111111100100011
In base 9, what is -2 - -17832428?
17832426
In base 11, what is 0 + 20569721?
20569721
In base 10, what is -3 - -45665480?
45665477
In base 8, what is 5555 - 14566?
-7011
In base 16, what is 593 + -123a?
-ca7
In base 10, what is 6904695 - 5?
6904690
In base 3, what is 210102201221 - 201?
210102201020
In base 7, what is -4034366 + 31?
-4034335
In base 9, what is -818 + -3625?
-4544
In base 11, what is -630296 + 164?
-630132
In base 11, what is 255 - -136252?
1364a7
In base 9, what is 5 + 2353444?
2353450
In base 13, what is 73a9c57 - -2?
73a9c59
In base 4, what is 10 + -2203133013010?
-2203133013000
In base 12, what is 280962 + -35?
280929
In base 5, what is 1114302 + -1442?
1112310
In base 8, what is 13602615663 + -5?
13602615656
In base 9, what is 4408161 - 16?
4408144
In base 8, what is -7731420 - 2?
-7731422
In base 4, what is -1202 - 332133203?
-332201011
In base 4, what is -111123 - -203213?
32030
In base 2, what is -10111001000111001111101 + -1111?
-10111001000111010001100
In base 3, what is 101111221 + -10022021?
21012200
In base 16, what is 2 + 211dfb?
211dfd
In base 4, what is 330 - -20033033?
20100023
In base 16, what is -3 + -765b84?
-765b87
In base 16, what is 347 - 9665?
-931e
In base 11, what is 4 + 12509245?
12509249
In base 4, what is 33102210 + -20220?
33021330
In base 14, what is -67 + -2a665?
-2a6cc
In base 2, what is 1111101001